+ 0)))
0
-20 + 27 + -29 - 5
-27
Calculate -9 + (8 - 29 - (5 - 1 - 7)).
-27
-9 + -26 + 34 + -12
-13
Calculate (-6 + 4 - 6 - (-12 - -28)) + 5.
-19
What is (13 - 17) + (-12 - -7)?
-9
What is the value of -1 - 11 - (3 + -33 + 12 + 8)?
-2
Calculate 8 - (6 + -13 - ((-4 - -7) + -18)).
0
Evaluate 6 + (7 + (3 - 9) - -4 - -1).
12
What is the value of -7 - (-14 + 3) - (0 - -3 - 10)?
11
What is (-22 - (5 - 22 - 3)) + (-6 - 1)?
-9
What is 8 + -18 + 9 + -5 - (-6 - 3)?
3
What is the value of 0 + (-3 - -19) + -16?
0
Evaluate 1 + 7 + 23 + -62.
-31
What is -9 + 7 + (3 - (3 + -2))?
0
What is 3 - (-12 - (0 - 17) - (-2 + 0))?
-4
Calculate 25 - 0 - (-79 + (41 - -23)).
40
(5 - 2) + -2 + -16 - -7
-8
Evaluate (38 - 29) + 13 - 4.
18
-6 - -14 - (6 - (-5 + -11 - -6))
-8
What is -21 + -1 - -21 - (-3 + -3)?
5
Evaluate 645 - 698 - (0 - (1 - -14)).
-38
Calculate 6 - -21 - (-6 - -3 - (-11 - 2)).
17
(-14 - -12) + -5 + (-4 - -27)
16
Calculate 7 - 20 - 2 - 14.
-29
What is -10 + (-4 + 2 + 7 - 6) + 0?
-11
Calculate -7 + (8 - (-3 - (-6 + 3))).
1
Evaluate (35 - (43 - 27)) + 21.
40
What is the value of (-12 - (-26 + 7)) + (2 - 0 - 6)?
3
What is (8 - (6 - (1 - -2))) + 3?
8
Calculate 10 + -10 - (-14 - -14).
0
What is (17 + 3 - 7 - 6) + -8 + -6?
-7
What is 12 + (8 - 2 - 12) - -1?
7
Evaluate (-14 - (2 + -43)) + -2.
25
Evaluate (-15 - -2 - 0) + (-187 - -188).
-12
What is -7 - 1 - (-25 + 4 + 13)?
0
-8 + (-5 - (1 + 5 + (9 - 19)))
-9
Calculate 41 + (15 + -21 - 36).
-1
What is 10 + 13 + 8 + -13?
18
6 - (18 + -21) - 12
-3
17 + -1 - (-26 - -116 - 60)
-14
Evaluate -9 + (4 - (1 - 0) - (2 + -4)).
-4
What is the value of -17 + (-5 - (-6 - 1)) - (24 + -22)?
-17
What is 21 + -8 + -121 + 87?
-21
What is (-1 - -13) + -14 + -2?
-4
What is the value of (15 - 16) + (3 - (-1 + -3) - 3)?
3
What is the value of 3 - -13 - (2 + (-1 - -3) + 1)?
11
0 + -14 + 1 - (3771 + -3791)
7
-2 + (6 - 8 - 0) + 5 - 1
0
(-5 - (20 - 7)) + 4 + 2
-12
What is 3 + 0 - -1 - (-224 - -239)?
-11
What is 20 + 0 + (-55 - -48)?
13
-14 - -26 - (2 + 17)
-7
What is the value of -3 + 0 + 29 + -45 + 8 + 23?
12
What is -9 + (8 - 3 - (8 + (-3 - 3)))?
-6
(-10 - (33 + -6)) + 12
-25
Calculate 41 + -43 + 14 + -1.
11
What is 14 + -27 + 19 + -4?
2
Evaluate 1 - (-6 - (9 - 32 - -2)).
-14
What is (20 - (15 + -8)) + -2?
11
Calculate -14 - (-31 - -12 - -12).
-7
What is the value of (1 - -9) + -3 - (346 - 347)?
8
Evaluate -5 - (-6 - -3) - (0 + 4) - 6.
-12
What is (-1 - 7 - -11) + 9 - 15?
-3
-4 + -2 + 582 + -584
-8
Evaluate (1 - -1 - (-10 - -12)) + (-57 - -60).
3
Calculate 12 - (14 - -11 - -10).
-23
74 + -30 - ((-1 - (4 + -6)) + 9)
34
What is the value of -11 + (-32 - -46 - -5)?
8
What is the value of 8 + (9 - 15 - -4) + -8 + -5?
-7
What is the value of 4 - (3 - (-15 - 7 - -5)) - 0?
-16
What is -3 - (3 - -20) - (-5 - (-3 + 6))?
-18
What is the value of (-18 - (-19 - -15)) + 6 - 6?
-14
What is 15 + (-52 - (-1 - 15))?
-21
(-2 - 2 - (160 - 165)) + -11
-10
What is the value of -99 - -97 - (2 + -3)?
-1
What is 25 + 7 + 7 + (1 + 7 - 22)?
25
What is -7 + 3 - (7 + 15 + -10 - -2)?
-18
-15 - (-18 + (-5 - -13))
-5
What is the value of 5 - (6 + (-4 - -2)) - 8?
-7
Calculate 6 + (11 + (-11 - -5) - 1 - 5).
5
Calculate -11 - (-10 + -24) - 13.
10
What is (76 - 40) + (-16 - 2)?
18
Evaluate (-8 - -15) + -24 + -2 + 3 + -4.
-20
-9 - -14 - (-6 - (-2 + -2 + 3))
10
What is 8 + (2 - 2) + 0 + -12 - -6?
2
Evaluate (36 - 18) + -15 + 0.
3
What is (-13 - 19) + 26 - 18?
-24
Calculate -4 - (7 + 3 + -9) - (-23 + 23).
-5
Calculate -7 - (10 - (7 - (-5 + (3 - -3)))).
-11
Calculate 26 - (35 + (-83 - -45)).
29
(-1 - -6) + -20 + 5 + -3 + -9
-22
What is the value of -9 + 4 - (-4 - (1 - (0 + 0)))?
0
Calculate -7 + (-25 - (-17 - 1)) + (0 - 0).
-14
Evaluate 11 - ((-7 + 10 + -5 - 2) + 9).
6
What is -6 - -2 - (-1 + -2 + 9)?
-10
What is (16 - 10) + (5 - (8 - 5))?
8
What is (-15 - (11 + -39)) + -11?
2
What is the value of (-8 - -5) + (-49 - -36)?
-16
Evaluate -12 - -25 - (4 - -5).
4
Calculate 7 + (-3 - -2 - (0 + 2)).
4
Calculate (-14 - (-19 - -11)) + (-11 - 2).
-19
Evaluate 8 + (-3 - 15) + (17 - 14).
-7
What is the value of -20 - (-11 - (-4 + 5)) - -8?
0
What is 27 + -15 + -29 - -18?
1
-9 + (23 - 10 - 11 - -9)
2
Evaluate 5 - (5 - -1 - -7).
-8
Calculate (14 - 21) + 33 + -21.
5
Calculate -1 + -1 + -237 + 265.
26
Evaluate 16 + (-14 - (-2 + -6)).
10
What is (-592 - -579) + 0 + 18?
5
Evaluate 5 - (-1 + 0 + 4 + 6 + -4).
0
Calculate (193 - 197) + (0 - -1 - -1).
-2
Calculate -6 + 1 + (8 - (1 + (-5 - -8))).
-1
What is -2 + (1 - 1) - (-528 - -521) - 16?
-11
What is (2 - (18 + -21)) + -6?
-1
2 - (3 + 3) - (12 + -5 + -10)
-1
What is -12 + (49 - 51 - (2 - -2))?
-18
What is 12 + 11 - 29 - 5?
-11
What is 11 + -2 + -8 - 0?
1
What is the value of 29 + (-18 - -14) + -14?
11
Evaluate -18 - (-5 + -9) - -15.
11
What is the value of (2 - (-2 + 6)) + -3 + (21 - 27)?
-11
What is -14 + (19 - (-16 - -30)) + 0 + 22?
13
Calculate 4 - (11 + (-45 - -11) - -10).
17
What is 11 + 4 - (2 - (3 - 1) - -1)?
14
What is 33 + 28 + -29 + -15?
17
Calculate 16 - (1 - (-3 - (-3 - 0)) - 4).
19
Calculate -45 - -60 - (-8 + 13 + 43).
-33
Calculate -71 + (46 - (53 - 40)).
-38
What is -12 + (24 - (-11 - (-17 + 2)))?
8
Evaluate (-3 - -1) + (-104 - -117).
11
What is 0 - 17 - (4 + 45 + -59)?
-7
3 + (9 + -11 - -5)
6
8 + -4 + (12 + -31 - -35)
20
Evaluate 1 + -4 - -8 - (55 + -12 + -53).
15
What is the value of 40 + -70 - (1 + 0 + -8 + 3)?
-26
Calculate 31 + (8 - 37) - (6 - -1).
-5
Calculate -7 + (-11 - (-11 + -8)).
1
Calculate 2939 + -2950 + (-2 + 1 - 5).
-17
-3 + (-1 - (-3 + -9)) + -13 + 11
6
(19 - 9) + 1 + -8 - (-3 - -3)
3
Evaluate -6 + 7 + -6 - (-11 + (-8 - -18)).
-4
(-17 - -15 - (16 + 2)) + -9 - -1
-28
What is the value of (-80 - -71) + -1 + 25?
15
Evaluate (-9 - 0) + 12 + 2 + -5.
0
-10 + 3 + 9 + 2 - (-4 + 1)
7
Evaluate (-1 - 25) + (96 - 108).
-38
-17 + 40 - 6 - 6 - -15
26
Evaluate -10 + 15 + (19 + -7 - 4).
13
Evaluate 2 + (3 - 16) + 9.
-2
What is -6 - (1 + -1) - (-1 - (12 + 12))?
19
Calculate 0 - (-1 + 10 - -8).
-17
Calculate -17 + 26 + 4 - (21 - -9).
-17
Evaluate (7 - 5 - (0 + -2)) + -7 + -17.
-20
What is the value of 7 - (-6 + (13 - -6))?
-6
What is 2 + (10 - -2) + (1 - 0)?
15
What is (15 - 0) + (-279 - -275)?
11
Calculate 18 + (-94 - (-61 - -16)).
-31
-38 - (-26 + 37 - 24)
-25
Evaluate (-1 - -4) + (2 - (-6 + 13)).
-2
Evaluate (-4 - -1) + (-12 - -13 - -6).
4
(22 - 25) + -15 + (11 - 22)
-29
What is the value of (8 - 11) + -9 + 32?
20
What is (-1 - (3 - (-5 - -1))) + 3?
-5
What is 5 + (13 - 8) - 5?
5
What is the value of -11 - (13 - 17) - -1?
-6
Calculate (7 + 6 - 6 - 13) + 13.
7
What is (16 - 1 - (2 - -1)) + -6?
6
-10 - (7 - (15 - (22 + -5)))
-19
Calculate 14 + (7 - (6 + 1) - 7).
7
What is the value of -5 - -17 - (50 - 52) - 19?
-5
Evaluate -9 + 31 - 30 - 8.
-16
What is (8 - (-7 - (-7 - -4))) + 9?
21
What is 2 + (39 - 20) + 7?
28
Calculate (-442 - -417) + 7 + 1.
-17
7 + -14 + 7 + (-4 - -8)
4
Calculate -3 + (6 - (4 + 7)).
-8
13 + -7 + (-7 - -5)
4
Evaluate (-3 - -3) + 2 - (25 - 17).
-6
5 - (-2 - (3 + -14 + -7 + 1))
-10
What is the value of -13 + 18 + -5 + -19?
-19
What is -4 + -6 + (-3 - -13)?
0
What is the value of -2 + -13 - (15 + 16 + -71)?
25
Evaluate (1 + -4 - (-15 - -13)) + -4 - -11.
6
Calculate 3 - (-7 + 16 + -1 + -2 + 1).
-4
(-33 - -18 - -56) + -35
6
7 - 17 - (14 + 5)
-29
-8 - (33 + -11 + -16)
-14
What is 34 - (5 - (27 + -28))?
28
Evaluate (6 - 12) + 8 - 5.
-3
What is -4 + 1 + (5 - 36) + 48?
14
Evaluate 5 - (18 + (-3 - 16) + 8 + -21).
19
What is the value of 2 + 18 - (72 - 43)?
-9
Calculate -105 - -98 - (-1 - 10 - (-2 + 0)).
2
Evaluate 1 - (3 + 14 + -6).
-10
What is the value of (2 - -10) + 116 + -131?
-3
Evaluate 14 - (-18 + 22 + -4).
14
-4 + (17 - (2 + -4 + (-3 - -9)))
9
Evaluate -15 + 36 - 36 - -16.
1
Calculate 7 + (-10 - -5) - (4 - 27).
25
What is the value of (8 - -7) + (3 - 12)?
6
Evaluate 4 - (-11 + -11) - -8.
34
Evaluate 8 + 29 + -73 - -45.
9
What is the value of 4 - (-4 + (8 - (9 + 8 + -8)))?
9
What is the value of (-8 + 3 - -3) + -9 + (29 - 38)?
-20
-5 - (-7 + (3 - (-7 - -3)) + 7)
-12
-15 - (-3 - (-12 - -35) - -9)
2
Calculate 7 + (1 + -3 - 0) - (-4 - -5).
4
16 + 1 + 34 + -21 + -18
12
What is the value of (-1 - -3) + (18 - 1 - 20)?
-1
What is the value of 31 + 27 + -13 + -19 + -4?
22
24 - ((10 - -2) + -8)
20
-15 - (25 + -9) - -48
17
